s 10874 + 26?
1089a
In base 5, what is 131 + 1011?
1142
In base 5, what is 34013 - 333?
33130
In base 14, what is -16 - -311?
2d9
In base 8, what is 45 - -4075?
4142
In base 5, what is -10 - -123140310?
123140300
In base 8, what is 7535341 - 3?
7535336
In base 13, what is -4 - -59003c?
590038
In base 15, what is e4c + a?
e57
In base 5, what is -1400 + -11001?
-12401
In base 12, what is 20a09 + 22?
20a2b
In base 4, what is -31 - -11133232?
11133201
In base 2, what is 1010111001100100110 - -1?
1010111001100100111
In base 15, what is 21d63 - -1?
21d64
In base 8, what is -63 + 1041?
756
In base 16, what is -28a + 4ce?
244
In base 3, what is -2002 + -2120210?
-2122212
In base 9, what is -314648 - 5?
-314654
In base 16, what is 12de1 + -a?
12dd7
In base 4, what is 330213303 - 3?
330213300
In base 6, what is -45212551 + -3?
-45212554
In base 12, what is 0 + -29b4b?
-29b4b
In base 15, what is 80b3 + 7e?
8142
In base 10, what is -8446 - 4?
-8450
In base 16, what is 5 - 5d121?
-5d11c
In base 16, what is -39d + 2aa?
-f3
In base 6, what is 25104 - 10540?
14124
In base 9, what is 48571 + -2?
48568
In base 5, what is 2310200 - -13?
2310213
In base 6, what is -141535 + -212?
-142151
In base 10, what is -1965 + -400?
-2365
In base 16, what is -43fe - 1b?
-4419
In base 12, what is 1bb - -332?
531
In base 7, what is 14355 + 600?
15255
In base 16, what is 3 - -de9d?
dea0
In base 16, what is -3 - -b8c?
b89
In base 10, what is 2655 + 10?
2665
In base 8, what is -37672 + -25?
-37717
In base 2, what is -111001010 + -100010?
-111101100
In base 7, what is 1 + 235426?
235430
In base 11, what is -1 + 33a62?
33a61
In base 13, what is 4 + -b803?
-b7cc
In base 2, what is -100 + 10010010101100?
10010010101000
In base 3, what is -2021111220112 - 11?
-2021111220200
In base 5, what is 42440 - 2?
42433
In base 9, what is -87 + -57607?
-57705
In base 9, what is 252 - 47?
204
In base 8, what is -3 + -547346?
-547351
In base 16, what is -3cf55 + -3?
-3cf58
In base 14, what is -296 - -201?
-95
In base 10, what is 0 - 17111?
-17111
In base 2, what is -10010100 + 11000100010111?
11000010000011
In base 15, what is 6 + -7b6?
-7b0
In base 6, what is -152 + 204?
12
In base 10, what is 0 - 1449?
-1449
In base 7, what is -1 + -34311?
-34312
In base 7, what is 5 + -1066066?
-1066061
In base 6, what is 3545 - -2333?
10322
In base 7, what is 3524362 + -1?
3524361
In base 16, what is 5 + -119c9?
-119c4
In base 12, what is 79 - -1019?
1096
In base 9, what is 23217 - 0?
23217
In base 15, what is -5236a - -5?
-52365
In base 8, what is -57 + -4366?
-4445
In base 13, what is -3614 + -33?
-3647
In base 6, what is -1503520 - -15?
-1503501
In base 11, what is -122 - 793?
-905
In base 8, what is 25 - 37041?
-37014
In base 14, what is c + 1d61?
1d6d
In base 15, what is -15 + 702e?
7019
In base 15, what is 1 + -136649?
-136648
In base 9, what is -578 - -1204?
515
In base 12, what is 146785 + -2?
146783
In base 16, what is -2a84 - 82?
-2b06
In base 15, what is -3 + 7919?
7916
In base 12, what is 8b73b9 - 2?
8b73b7
In base 15, what is 6938 + 6?
693e
In base 6, what is -244335 - -3?
-244332
In base 11, what is 138774 + -4?
138770
In base 5, what is -142 - -1433320?
1433123
In base 11, what is 38 - a9?
-71
In base 6, what is 4 - -11230214?
11230222
In base 13, what is -2180 - -13b?
-2042
In base 5, what is 2111 - -440?
3101
In base 4, what is -10122 + 2131?
-1331
In base 5, what is -1023 - 1300?
-2323
In base 6, what is 100 - 514513?
-514413
In base 4, what is -310300 - 2221?
-313121
In base 10, what is 67457 - -1?
67458
In base 5, what is 2410 + -4134?
-1224
In base 5, what is 1123424 - 10?
1123414
In base 8, what is 23500621 + 3?
23500624
In base 12, what is a273 + 0?
a273
In base 8, what is 26 + 2?
30
In base 10, what is -5 + -1686971?
-1686976
In base 8, what is -7155 + 111?
-7044
In base 8, what is -12 - -13445?
13433
In base 16, what is 12dc + 12?
12ee
In base 7, what is 101110 + -11?
101066
In base 12, what is 13 - 7870?
-7859
In base 13, what is 3 + 1009c?
100a2
In base 2, what is -11010001010001 + -1001?
-11010001011010
In base 8, what is 15014 - 51?
14743
In base 11, what is 1202 + 31?
1233
In base 10, what is 83 + -10435?
-10352
In base 15, what is -4cce + -b?
-4cda
In base 6, what is -5220 - 0?
-5220
In base 8, what is 46 + -412012?
-411744
In base 12, what is 109a + 3?
10a1
In base 15, what is -a + 3cb9?
3cae
In base 2, what is 1010100111110100111001 - -101?
1010100111110100111110
In base 3, what is 0 - 121200011021?
-121200011021
In base 8, what is 210 - -1533?
1743
In base 13, what is 2415 + 8b?
24a3
In base 7, what is -12 - -1013441?
1013426
In base 14, what is -1 - -a31?
a30
In base 4, what is -322123 - 33202?
-1021331
In base 9, what is 14341627 + 0?
14341627
In base 7, what is -1 + -450003?
-450004
In base 8, what is -760 + -11?
-771
In base 14, what is -b + 2466?
2459
In base 4, what is 1102 - -1003311?
1011013
In base 15, what is 26d - b5?
1a8
In base 4, what is -11203 - -122021?
110212
In base 11, what is -115801 + 0?
-115801
In base 8, what is -3641 - 1072?
-4733
In base 7, what is 142 - 64?
45
In base 15, what is 2 - 2d14?
-2d12
In base 14, what is -3 + -1d82?
-1d85
In base 14, what is 54 + 2a7b?
2ad1
In base 9, what is 32715 + 1?
32716
In base 16, what is -1e2 - 75?
-257
In base 8, what is 11 - -666147?
666160
In base 8, what is -255 - -152?
-103
In base 5, what is 3421000 + 4?
3421004
In base 14, what is -46 + d5?
8d
In base 5, what is -122332110 + -4?
-122332114
In base 12, what is 6a9a - -17?
6ab5
In base 14, what is -2 - -230c?
230a
In base 6, what is -13320 - -3?
-13313
In base 2, what is 101101000101111 + -10100?
101101000011011
In base 7, what is 1654242 + -10?
1654232
In base 7, what is 253354 - 2?
253352
In base 8, what is -1766 - 43?
-2031
In base 16, what is -3 + 52662?
5265f
In base 9, what is 167533 - -23?
167556
In base 16, what is 2 - 19d12?
-19d10
In base 2, what is -11100110100100 - 0?
-11100110100100
In base 5, what is -31233442 - -33?
-31233404
In base 3, what is 2222 + -22110?
-12111
In base 3, what is 11122102110 - 11?
11122102022
In base 13, what is 203469 - -8?
203474
In base 16, what is a9a8e + 1?
a9a8f
In base 8, what is -324 + -406?
-732
In base 12, what is -4a02 - -226?
-4798
In base 9, what is -117 + -6570?
-6687
In base 16, what is -625 - -d?
-618
In base 2, what is -1111001100110110 + -100110?
-1111001101011100
In base 7, what is -3141656 + 13?
-3141643
In base 14, what is 7 - -779?
782
In base 14, what is 21 - aad?
-a8c
In base 13, what is -29a39 + -3?
-29a3c
In base 11, what is 10 + -9543?
-9533
In base 9, what is -13 - -2168?
2155
In base 16, what is 1175d - -36?
11793
In base 6, what is -301335 + -1?
-301340
In base 11, what is -433128 - -5?
-433123
In base 13, what is -24c56a - 4?
-24c571
In base 6, what is 0 + -1010403?
-1010403
In base 6, what is -1005 - -210?
-355
In base 14, what is -315 - 57?
-36c
In base 14, what is 6 - 117d?
-1177
In base 7, what is 3 - 263501?
-263465
In base 14, what is -6 - 14db3b?
-14db43
In base 3, what is 1100022 - -12022010?
20122102
In base 12, what is 177 - -486?
641
In base 12, what is 21943 - 3?
21940
In base 2, what is 111010000 + -1111000?
101011000
In base 14, what is 6 - -91c9?
91d1
In base 9, what is -4283 - 34?
-4327
In base 15, what is -2be86 + -22?
-2bea8
In base 11, what is 1 - 6601?
-6600
In base 5, what is 430 + 12022?
13002
In base 5, what is -111102 - 4?
-111111
In base 4, what is -3201 + -2320?
-12121
In base 9, what is 2 - 138068?
-138066
In base 16, what is 72 + -258?
-1e6
In base 4, what is -20013 + -1110221?
-1130300
In base 16, what is -33 + -2ef?
-322
In base 8, what is 100640 - 7?
100631
In base 10, what is 2248202 + -4?
2248198
In base 3, what is 101 - 21011222102?
-21011222001
In base 13, what is 2 + -4a5a?
-4a58
In base 4, what is 2 - -3211310?
3211312
In base 5, what is -1210202 - -104?
-1210043
In base 15, what is -5d - -26b?
20d
In base 16, what is 345a + 111?
356b
In base 16, what is -87a41 + 3?
-87a3e
In base 6, what is 5 - 3512102?
-3512053
In base 3, what is 1121 + -21000220?
-20222022
In base 14, what is -a7 + -11cdd?
-11da6
In base 5, what is 1 + -4331233?
-4331232
In base 6, what is 1350 + -35020?
-33230
In base 3, what is -1 + 120010122?
120010121
In base 16, what is -1789 + 